40 = 2*u, u - 4*r = 19 + 7. Let x(k) = 7*k - 9. Let q(z) = 3*z - 4. Let t(n) = 5*q(n) - 2*x(n). Calculate the remainder when u is divided by t(6).
2
Suppose -5*o + 181 = -4. Let q = o + -22. What is the remainder when 43 is divided by q?
13
Let p(q) = q**2 + 7*q - 2. Let u be p(-7). Let w = u - -6. Suppose -2*f - 2*f + 36 = w*m, -3*f - 2*m + 30 = 0. Calculate the remainder when f is divided by 7.
5
What is the remainder when 26 is divided by (6*1)/(12/18)?
8
Let t(k) = 5*k - 2. Let n be t(6). Let u(i) = -i**3 - 2*i**2 + 6*i + 3. Calculate the remainder when 1 + (3 - 1) + n is divided by u(-4).
9
Let y = -82 - -142. Calculate the remainder when 24/(-5)*y/(-9) is divided by 17.
15
Suppose 3*f = 3*s + 42, 2*f + s - 23 = 5. Suppose -5*v - 3*o = -315, -4*v + 52 = -5*o - 163. What is the remainder when v*(24/9 + -2) is divided by f?
12
Suppose 66 = 4*m + 10. Let k = m - -2. Calculate the remainder when 47 is divided by k.
15
Suppose 7 = -5*z + 77. Suppose -4*b - 3*b = -z. Calculate the remainder when 4 is divided by b.
0
Suppose 5*v + 40 = -z, -2*z - z = 2*v + 16. Let h = v + 11. What is the remainder when 11 is divided by h?
2
Let p be (510/9)/(4/18). Suppose -5*z + 210 = -p. Suppose 5*c + j = -0*j + z, -4*c - 4*j = -84. Calculate the remainder when 34 is divided by c.
16
Let g(w) = 3*w**2 + 5*w + 2*w + 6 - 2 - 3*w. Calculate the remainder when 54 is divided by g(-3).
16
Let f = -1 - -5. Suppose -5*i = -f*w + 65, 2*w - 12 = i + 19. Let u = w + -3. Calculate the remainder when 23 is divided by u.
11
Suppose 3*d = 0, 3*d - 160 = -2*k - 2*k. Suppose k + 8 = 4*w. What is the remainder when ((-6)/63*-69)/(2/14) is divided by w?
10
Calculate the remainder when 16 is divided by 2 - (-1 + 6/(-2)).
4
Suppose 5*v + 31 = -29. What is the remainder when 46 is divided by (0 + v)*14/(-14)?
10
Let n = 281 - 209. Suppose 7*c - 3*c = 60. Calculate the remainder when n is divided by c.
12
Let v be 4*((-5)/(-2))/(-5). Let w be (-1 - v/14)*-42. What is the remainder when 8 is divided by 8/w + 50/18?
2
Suppose -8*w = -3*w - 50. What is the remainder when w is divided by (2/4)/(2/24)?
4
Suppose 5*c + 11 = -2*g - 20, -2*c - 24 = -5*g. Let t(j) = -j**3 - 6*j**2 + 5*j - 2. Calculate the remainder when 34 is divided by t(c).
10
Let b = 125 + -106. Let f(m) = -4*m**3 - 3*m**2 + m - 3. What is the remainder when f(-3) is divided by b?
18
Suppose 0 = 2*k - 1 - 3. Suppose -k + 26 = 4*t. Calculate the remainder when 10 is divided by t.
4
Suppose -8*q + 62 = -7*q. What is the remainder when q is divided by 8?
6
Suppose n + p = -48 + 9, 0 = 4*n + p + 156. Let o = 8 - n. Calculate the remainder when o is divided by 16.
15
Let d(f) = 3*f**2 + 2*f + 1. Let y(p) = -p. Let i be y(1). Suppose 0 = -4*l + 19 - 3. What is the remainder when l is divided by d(i)?
0
Let i = 107 + -84. Calculate the remainder when 64 is divided by i.
18
Let x(k) = 5*k - 1. Let l be x(-7). Let d = 59 + l. Calculate the remainder when d is divided by 5.
3
Let t(s) = 7*s - 1. Let r be t(2). Suppose -2*f - 10 = -b, 5*f + r = -4*b + 1. Calculate the remainder when 2 is divided by b.
0
Let q = -15 - -3. Let u = q - -44. Suppose 5*w = u - 7. What is the remainder when 14 is divided by w?
4
Let t(r) = -r + 5. Let s be t(6). Let c = s - -4. Calculate the remainder when (-1)/(-3) + 11/3 is divided by c.
1
Let o be (24/(-10))/(18/(-60)). Let z = o - -11. Calculate the remainder when z is divided by 5.
4
Let o = -3 - -6. Suppose 3*n = -o*c + 6*n + 9, -9 = -c + 3*n. Suppose -2*h + 28 = -5*k, c*h - h + 5*k + 14 = 0. What is the remainder when 39 is divided by h?
11
Let l(i) = i**3 + 6*i**2 + 4*i + 5. What is the remainder when 28 is divided by l(-5)?
8
Let r = 13 - 2. Let m(s) = 8*s**2 - 2*s - 5. Calculate the remainder when m(-2) is divided by r.
9
Suppose 3*z + 14 = 41. What is the remainder when 43 is divided by z?
7
Let y(l) = -l**3 + 6*l**2 - 6*l + 1. Suppose -a = 2*a - 12. What is the remainder when y(a) is divided by 3?
0
Suppose 4*i - 2*q - 186 = 0, 0*i - 4*q + 42 = i. What is the remainder when i is divided by 8/(-6)*(-22 - (3 - 7))?
22
Let g = -7 - -11. Let d = 42 - g. What is the remainder when d is divided by 13?
12
Suppose -98 = -3*h + q - 386, -2*q = 0. Let y = h - -31. Let c = -27 - y. Calculate the remainder when c is divided by 13.
12
Suppose -5*o - 67 = -217. Calculate the remainder when o is divided by 17.
13
Let t(p) = p + 8. Let s be t(-6). Suppose s*a + 2 - 12 = 0. Suppose 0 = -a*v + 62 - 7. What is the remainder when v is divided by 6?
5
Let i(l) = -l**2 + 4*l + 5. Let g be i(4). Let k(s) = s**3 - 6*s**2 + 5*s - 2. Let q be k(g). What is the remainder when 41 is divided by q + (-3)/(-3) - -15?
13
What is the remainder when ((-2)/9 - 101/(-9))/1 is divided by 3?
2
Let r(j) = -j**2 - 9*j + 10. Suppose -h - 4*h + 49 = -3*k, 0 = 5*k + h + 35. What is the remainder when 33 is divided by r(k)?
15
Suppose 5*l + 2*j - 332 = l, 0 = 4*l + j - 330. Calculate the remainder when l is divided by 21.
19
What is the remainder when 54 is divided by 2*3*(-9)/((-81)/12)?
6
Suppose -h = -5*v + h + 85, 5*h = 25. Suppose 3*s + 0*z + 4*z = 11, s + 5*z = 0. Suppose 1 - 51 = -s*l. Calculate the remainder when v is divided by l.
9
Suppose 2*p - i - 23 = -6*i, 3 = i. Suppose p*f - 245 = 71. Calculate the remainder when f is divided by 27.
25
Let s be 0/(6/(-3) + 3). Suppose 3*z = -z + 68. What is the remainder when s/(-1) - (-50)/1 is divided by z?
16
Suppose 0 = 4*h - w - w - 42, 4*w + 52 = 4*h. What is the remainder when 29 is divided by h?
5
Suppose -4*f = -f - 39. Calculate the remainder when f is divided by 4.
1
Calculate the remainder when 44 is divided by 12/(-16) + 39/4.
8
Let s(f) = -f + 34. Suppose 0 = 2*g - 3*w - 0*w - 9, -w = -5. What is the remainder when s(0) is divided by g?
10
Suppose j = -2*j. Suppose j = 3*w - 4*o + 30, 2*w - 3*o = -o - 20. What is the remainder when 21 is divided by 6/w + 174/15?
10
Let d(f) = 108*f - 2. Let n be d(1). Let c = n - 68. What is the remainder when c is divided by 20?
18
Let j = -1 - -5. Suppose o = -3*m - j, 4*o = -3*m + 40 - 11. Calculate the remainder when o is divided by 6.
5
Let m(j) = 5*j - 3. Let k(a) = -a**2 - 11*a + 6. What is the remainder when m(10) is divided by k(-9)?
23
Let g(x) = -6*x - 37. Suppose 3*l - 6 - 12 = 0. What is the remainder when g(-8) is divided by (2/l)/(1/21)?
4
Let q = -9 + 33. Let g be ((-2)/6)/((-4)/q). Suppose 3*n - 5 = g*n. What is the remainder when n is divided by 3?
2
Let j = 29 + -21. What is the remainder when 38 is divided by j?
6
Let g(d) = 2 - 17*d - 2 - 18*d - 1. What is the remainder when g(-1) is divided by 18?
16
Let a = 8 - -4. Calculate the remainder when 3/(a/38)*2 is divided by 7.
5
Suppose -2 = -2*o + 12. Let x = o + 6. Let a(g) = -g**3 + 5*g**2 + 5*g - 1. What is the remainder when a(5) is divided by x?
11
Let o(j) = 18*j - 1. Let w(a) = 19*a - 1. Let k(y) = 6*o(y) - 5*w(y). Let f be k(4). Suppose f = 4*m + 19. Calculate the remainder when 14 is divided by m.
6
Let f(d) = 3*d + 6. Let w = 14 - 3. Calculate the remainder when f(5) is divided by w.
10
Calculate the remainder when 45 + 2 + (-10)/5 is divided by 30.
15
Suppose -4 - 8 = -4*o. Let f(b) = -b + 3*b**2 + o*b - 4*b - 2 + b**3. What is the remainder when 40 is divided by f(2)?
12
Let j = 15 - 3. Let z be -3 + -6*(-8)/6. Suppose z*h + 25 = 200. What is the remainder when h is divided by j?
11
Let y(k) = 2*k**2 - 51*k - 67. Calculate the remainder when ((-82)/3)/((-4)/6) is divided by y(27).
13
Let w(t) = 4*t. Let k(p) be the first derivative of -p**4/4 + p**2/2 + p + 1. Let j be k(-1). Calculate the remainder when 7 is divided by w(j).
3
Calculate the remainder when 90/8*(-24)/(-18) is divided by 4.
3
Let t = 2 + 116. Calculate the remainder when t is divided by 30.
28
Let s be 44/6 - 1/3. Let m(v) = v**3 - 6*v**2 - 10*v + 9. Let u be m(s). What is the remainder when u/(-9)*6/2 is divided by 3?
1
Let c = -66 - -99. Calculate the remainder when 96 is divided by c.
30
Let m(q) = -4*q + 47. Calculate the remainder when 14 is divided by m(11).
2
Suppose -7*c = -5*c - 20. Calculate the remainder when 17 is divided by c.
7
Suppose 29 + 55 = 7*n. What is the remainder when 33 is divided by n?
9
Suppose -4*c - 36 = -4*v - 2*c, -v - 3*c - 5 = 0. Calculate the remainder when 